0*b + 29. Let f be s(-1). Let v(w) be the first derivative of 1/3*w**3 + 5/2*w**2 + f + 3*w. Calculate v(-3).
-3
Suppose -3*o + 15*l = 10*l - 20, -4 = -2*l. Let m(r) = -r**2 + 14*r - 7. Calculate m(o).
33
Let j(c) be the second derivative of 0 - 3*c**2 + 1/6*c**3 - 13*c. What is j(8)?
2
Let a(v) be the first derivative of -v**2/2 + 6*v + 106. What is a(-9)?
15
Let x(w) = 3*w - 6. Suppose 293*o - 284*o + 36 = 0. Determine x(o).
-18
Let i(q) = -2*q + 4. Suppose 4*y + 6 = 2*a, 5*a + 3*y = 21 - 71. What is i(a)?
18
Let p(m) be the first derivative of m**5/60 - m**4/4 + m**3/2 + m**2 - 10. Let c(z) be the second derivative of p(z). Give c(5).
-2
Let j(c) = 2*c + 9. Suppose 2*s = -42 + 30. Let g be s/(-24) - (-22)/8. Let k(w) = -w - 3. Let z be k(g). Determine j(z).
-3
Suppose 10 = l - 2*g, l - 111 = -3*g - 116. Let k be (0 - (-8)/(-2))/(-2). Let u(p) = -3 + 3 - p**k + 2*p. Determine u(l).
-8
Let l(u) = -7*u**3 - u - 1. Let a(w) = 2*w + 9. Let y(g) = g + 3. Let d be y(5). Suppose -4*c = -0*p + p + 9, 2*p = 2*c - d. Let v be a(p). Calculate l(v).
7
Let r(z) = -z**3 + 4*z**2 - 3*z + 1. Let i(c) = -c**3 + 7*c**2 - c + 2. Let a be i(3). Suppose -4*y - a = -43. Give r(y).
3
Let z(j) be the second derivative of -1/3*j**3 + 0*j**4 + 1/2*j**2 - 3/20*j**5 + 0 - 20*j. Calculate z(1).
-4
Let x be -2*((-7)/(-2) + -3). Let t(s) be the third derivative of -7*s**5/60 + s**3/6 + 25*s**2. What is t(x)?
-6
Let x(r) = -r**3 - 4*r - 3. Let v(f) = -2*f**2 + f + 8. Let d = -97 - -95. Let s be v(d). Give x(s).
13
Let g be (-5 - -1)/(-4) - 2. Let t(u) = -40*u**3 - 2*u**2 - 2*u - 1. Let i be t(g). Let c(p) = -6 + 38*p - i*p - 1. Give c(-5).
-2
Let t(k) be the second derivative of -5*k + k**2 + 0 + 2/3*k**3 + 1/3*k**4. Let u(o) = o**2 - 6*o + 6. Let v be u(4). Give t(v).
10
Suppose 7 = 3*k + 1. Let b(y) be the first derivative of y**2 + 0*y - 4/3*y**3 - 9. Determine b(k).
-12
Let j(o) = 17*o - 3. Let b(p) = -9*p + 2. Let c(t) = 5*b(t) + 3*j(t). Let y(d) = d**3 + 5*d**2 - 5*d + 3. Let n be y(-6). Let x = n - -2. Give c(x).
-5
Let t(b) = -b**3 - b**2 - b + 1. Let g(m) = 2*m**3 - 3*m**2 - 3*m + 1. Let x(z) = z**2 - 1. Let v(o) = g(o) - 2*x(o). Let r(i) = 3*t(i) + v(i). Calculate r(-7).
-1
Let z(a) be the second derivative of a**3/6 - 7*a**2/2 + 94*a. What is z(0)?
-7
Let b(j) = 31*j - 4. Let i(r) = 56*r - 8. Let w(m) = 9*b(m) - 5*i(m). Calculate w(-5).
9
Let i(d) = 4*d**2 + 2 - 7*d - d - d**2 + 4*d - 4*d**2. Give i(-7).
-19
Let o = -355 - -351. Let c(h) be the second derivative of -h**3/6 - h**2 + 2*h. Give c(o).
2
Let w(t) = 4*t - 1. Suppose 0 = -j + 3*v - 35, -2*j - 3*j + v = 175. Let c = j - -42. Let f = c + -8. Give w(f).
-5
Let f(l) = 19*l**2 + 27*l + 13. Let s(g) = 7*g**2 + 10*g + 4. Let p(m) = 4*f(m) - 11*s(m). What is p(3)?
-7
Let n(m) be the first derivative of -m**3/3 + 4*m**2 - 6*m + 96. Determine n(7).
1
Let f(b) = b + 18. Let h(v) = v**2 + 15*v + 14. Let x be h(-14). Suppose x = 4*o - 7*o + 4*o. Give f(o).
18
Suppose 15*j - 6*j - 99 = 0. Let d(g) = -18 - 19*g + 18 + j*g. Suppose 0 = -a - 4*n + 7, 10 = -5*a + 4*n - 3. Determine d(a).
8
Let d(i) = 11*i + 1. Let j be (-5)/((-15)/2)*(-15)/2. Let c be (4 + 0 + j)/1. What is d(c)?
-10
Let x(v) = -2*v**3 - 2*v**3 + 318*v + 3*v**3 + 8*v**2 - 323*v - 14. Give x(7).
0
Let p(r) = -r**3. Let d(h) = -h**3 + 5*h**2 - h + 1. Let b(g) = -2*g**3 + 4*g**2 + 1. Let x(q) = -3*b(q) + 2*d(q). Let s(t) = 5*p(t) + x(t). Calculate s(-2).
3
Let x be (144/(-192))/((-2)/4). Let t(d) be the second derivative of 0 + 1/6*d**3 - x*d**2 + 5*d. Give t(5).
2
Let s(v) be the first derivative of -1/2*v**2 + v - 41. Give s(-7).
8
Let t = 331 + -324. Let u(o) = -o**2 + 11*o - 14. Give u(t).
14
Let u(y) = y**3 - 6*y**2 + 7*y - 4. Let d(z) = z + 17. Let o be 2 + 15/(-3) + 8. Suppose -q - 4*h + 36 = -o*q, -q = 3*h + 25. Let t be d(q). Give u(t).
-8
Let a(c) be the third derivative of c**6/120 - c**5/20 + c**3/6 - 10*c**2. Let w be a(2). Let g(z) = -2 - 4 - 5*z + 4*z. What is g(w)?
-3
Let h be ((-6)/5)/((-8)/20). Let f(w) = 2*w + w**h - 6*w - 7 + 5*w + 5*w + 7*w**2. Calculate f(-6).
-7
Let p(u) = 8 + 6*u**2 + u**3 - 5*u - u**2 + 0*u**2. Let h be p(-6). Suppose 1 = -f + h*f. Let i(n) = 10*n**3 - n**2 + 2*n - 1. What is i(f)?
10
Let w = -24 - -26. Let l(g) = -g**3 + 31*g**2 - 64*g**w + 28*g**2. Suppose m = 6*m + 25. What is l(m)?
0
Let o(y) be the third derivative of -y**6/40 - y**5/60 + 146*y**2. Determine o(1).
-4
Suppose -v = h + 4, 0*h - h - 20 = 5*v. Let i(c) = c**3 + 4*c**2 + 2*c - 2. Calculate i(v).
-10
Let u(m) = -m + 60. Let i be (-2)/(-7) - (-264)/56 - 5. What is u(i)?
60
Let w(n) be the second derivative of -n**3/6 - 5*n**2/2 - n. Let f be w(-4). Let k(g) = 3*g - 73. Let y(i) = -24. Let r(m) = k(m) - 3*y(m). What is r(f)?
-4
Let x(g) = g + 4. Let c(k) = 2*k**2 - 19*k + 37. Let q be c(6). Give x(q).
-1
Let j(b) be the second derivative of 0 - 3/2*b**2 + 30*b - 1/3*b**3. Determine j(-2).
1
Let y(r) = 2*r - 3. Let d = -247 + 250. Give y(d).
3
Let q(f) be the first derivative of -3*f**7/280 + f**5/120 - f**4/24 - 4*f**3 - 32. Let p(z) be the third derivative of q(z). Calculate p(1).
-9
Let w(g) = -g**2 + 3*g - 2. Suppose -3*r + 1 + 8 = 0. Let d be w(r). Let t(u) = -2*u**3 + 2*u + 3. Give t(d).
15
Let j(l) = l**3 + 10*l**2 - 10*l + 13. Let f be -16 + ((-108)/(-21) - 6/42). What is j(f)?
2
Let m = 5 + 6. Let a = m + -17. Let q(o) = -5*o - 7. Let y(i) = -4*i - 6. Let p(s) = -3*q(s) + 4*y(s). Calculate p(a).
3
Let p(s) be the first derivative of -s**2/2 - 11*s - 3. Let w(h) = -h**2 + 11*h - 30. Let a be w(6). Give p(a).
-11
Suppose 2*a = 8*a - 24. Let n(q) = a*q**2 - 6 + 0 - 5 + 5 - q**3 + 2*q. Determine n(4).
2
Let i(j) be the first derivative of 3/2*j**2 + 2*j - 1/3*j**3 + 26. Calculate i(4).
-2
Let o(i) = -7*i**3 - i. Suppose 2*y + 24 = 6*y. Suppose -3 = -3*n - y. Give o(n).
8
Suppose 12*c = -23*c + 45*c + 80. Let m(l) = -l**2 - 1. Let p(n) = 6*n**2 + 8*n - 1. Let u(h) = 5*m(h) + p(h). Calculate u(c).
-6
Let j(u) = -4*u + 9. Let n(o) = 2*o - 3. Let z(y) = -j(y) - 4*n(y). What is z(2)?
-5
Let g(z) = 2*z - 1. Let a(m) = m**2 + 5*m - 2. Let t be a(-5). Suppose -18*b = -6*b - 36. Let f = b + t. Give g(f).
1
Let u(i) be the second derivative of -1/12*i**4 + 1/6*i**3 - 1/20*i**5 - 2*i**2 + 0 + 22*i. Let c = 1 + -1. Give u(c).
-4
Let a(o) = -9990*o + 4998*o - 3 + 4993*o. Calculate a(2).
-1
Let i(l) = l**2 - 8*l + 14. Let x be i(4). Let b = 0 - x. Let g(h) = h**3 - 2*h**2 + 4*h - 2. Calculate g(b).
6
Let k(h) be the third derivative of -h**5/60 - 13*h**4/24 - 5*h**3/2 + 56*h**2. Determine k(-10).
15
Let q(k) be the first derivative of k**2/2 - 5*k + 1. Suppose 21 = -54*w + 345. Give q(w).
1
Let l(o) = -2713*o**2 + 2*o + 2712*o**2 + 1 + 2*o. Determine l(4).
1
Let l(h) be the third derivative of -1/120*h**6 - 38*h**2 - 8/3*h**3 + 0*h + 1/24*h**4 + 0 - 1/60*h**5. Calculate l(0).
-16
Suppose 5 + 1 = 2*a. Let o(q) be the third derivative of -1/12*q**4 - 2/3*q**3 + 1/60*q**5 + 0 + 0*q - q**2. Calculate o(a).
-1
Let k(s) be the second derivative of -s**5/20 + 2*s**4/3 + 2*s**3/3 + 6*s + 37. Determine k(8).
32
Let y be 8/3 - (-4)/3. Let q(k) = -k - 5*k + y + 5*k. Give q(3).
1
Let b(j) = -4*j**3 + j + 0*j + 3*j**3 - 4*j + 6*j**2 + 4 - 8. What is b(5)?
6
Let t(m) = 2*m - 1. Let i(g) = 12*g - 12. Let n(a) = i(a) - 5*t(a). What is n(4)?
1
Suppose -2*w = w - 6. Let l(t) = 0*t**2 - 7*t**w + 5*t**2. Suppose 5*y = 1 - 6. What is l(y)?
-2
Let h be (-94)/(-6) + 5*(-5)/(-75). Let r(u) = -7 - 14*u + 9*u + h*u - u**2. What is r(10)?
3
Let q be (-3 - -2)*1/((-6)/(-18)). Let h(j) = -j**3 - 4*j**2 - 2*j - 3. Give h(q).
-6
Let a(r) = 8*r**2 - 3*r + 3. Let v(b) = 17*b**2 - 7*b + 7. Let w(k) = 13*a(k) - 6*v(k). Let i(z) = -2*z**2 - 4*z + 4. Let p(y) = -2*i(y) - 3*w(y). Give p(-2).
-5
Suppose -4 = -4*p + 4*w - 7*w, -3*p + 3 = -4*w. Suppose -4*h + p = 33. Let t(d) = -d - 6. Let k be t(h). Let v(b) = -b**3 + 2*b**2 - b - 2. Give v(k).
-4
Suppose -a + 2 = 0, -4*y = -2*a - 1 + 13. Let o(u) = 4*u + 1. Let c(g) = -8*g - 2. Let s(l) = 6*c(l) + 10*o(l). Calculate s(y).
14
Let u(o) = o**2 - 9*o + 12. Let w = 599 + -589. What is u(w)?
22
Let o be (1 + -2)*(-2 + -1). Let d(a) = a**3 - 7*a - 5*a**3 + a**2 + 1 + 6*a**2 + 3*a**o. Let k = 6 + 0. Calculate d(k).
-5
Let j(s) = s + 9. Let n(c) = 1. Le